/(3 + -2 - -2 - (2 - 0))?
13
Suppose 7*s = 8*s + 3*h - 21, 0 = 2*s + 5*h - 42. What is the remainder when 11168 is divided by s?
17
Let t be 0 + (-4)/(-2) + -155. Let b = 162 + t. Calculate the remainder when 177 is divided by b.
6
Let v = -149 + 154. Suppose -v*x = -39 - 46. Calculate the remainder when 32 is divided by x.
15
Suppose 5*c = -a + 4699, 0 = 51*a - 56*a - 3*c + 23605. What is the remainder when a is divided by 105?
104
Let b be ((-36)/(-48))/((-1)/(-4)). Suppose -4*r + 10 = -2, -r - 666 = -b*n. What is the remainder when n is divided by 45?
43
Suppose 14 = 4*m + 2. Suppose m - 10 = l - 2*z, -l = 3*z - 18. Suppose -5*b - w = l*w - 570, -2*b = -5*w - 261. What is the remainder when b is divided by 24?
22
Let o = 691542 + -691500. Suppose 0 = -3*v + v + 34. Calculate the remainder when o is divided by v.
8
Let k(i) = 4*i - 3. Let j = 20 + -87. Let r = j + 80. What is the remainder when k(7) is divided by r?
12
Suppose 14*b - 133 = -190 + 995. What is the remainder when 17887 is divided by b?
65
Suppose 2072 = 18*g + 128. Suppose -390*i = -384*i - g. Calculate the remainder when 948/14 + 2/7 is divided by i.
14
Let o = -27 + 51. Let i(z) = z**3 - 53*z**2 - 114*z + 3333. Calculate the remainder when i(54) is divided by o.
21
Let t = 24473 + -24392. Calculate the remainder when 2038 is divided by t.
13
What is the remainder when (1014/(-104))/(-39) + 1030/8 is divided by 83?
46
Let n = -3332 + 3375. What is the remainder when 153 is divided by n?
24
Let f(c) = -c**2 + 68*c - 809. What is the remainder when 586 is divided by f(49)?
98
Suppose -5*f + 4*f = -5*o - 31, o = -3*f - 19. What is the remainder when 50 is divided by (o + 34)/((-3)/(-3))?
23
Suppose -71*b + 56*b + 1077 = 12. Calculate the remainder when 335 is divided by b.
51
Suppose -1851 = -15*y - 381. What is the remainder when 683 is divided by y?
95
Let d = 3825 - 3743. Calculate the remainder when 160 is divided by d.
78
Let y(v) = 2*v**2 - 9*v - 8. Let b be y(8). Suppose -37 = -2*h - 3*r, 0*r - 2*r + b = 3*h. What is the remainder when h is divided by 4?
2
Let b = -1458 + 3655. Calculate the remainder when b is divided by 8.
5
Let f = -7855 - -7897. What is the remainder when 5245 is divided by f?
37
Let z = 3530 - 3511. Let k(d) = 5*d**2 + 9*d + 6. Calculate the remainder when k(-6) is divided by z.
18
Calculate the remainder when 193 is divided by -1 - -3 - (-12 - -14)*-30.
7
Let f = 22 - 17. Suppose -5*g + 4*d = 7*d - 26, -f*d = -3*g + 36. Calculate the remainder when 47 is divided by g.
5
Let q = 558 - 376. Suppose -169*z = -162*z - q. Calculate the remainder when 37 is divided by z.
11
Suppose -28*k + 1445 = -11*k. What is the remainder when 248 is divided by k?
78
Suppose -2*m + 3*y + 14 = 5*y, 5*m - 5 = 5*y. Suppose 5*r + p = 89, -19 = 6*p - 13. What is the remainder when 27 + (-6)/m*2 is divided by r?
6
Let a(o) = -282*o + 2289. Calculate the remainder when 174 is divided by a(8).
9
Let p(y) = -y**3 + 9*y**2 + 10*y + 15. Let r be p(10). Calculate the remainder when 373 is divided by (-1 - -16) + (-25 + r - -9).
9
Let k(q) = -17*q**2 - 29*q + 187. Let c be k(6). Let p = c - -679. What is the remainder when 958 is divided by p?
78
Let c(a) = -2*a + 27. Suppose 0 = -3*w + 23 + 1. Let o be c(w). Let m = o - -7. Calculate the remainder when m is divided by 3.
0
Suppose -2*b + 453 = -3*q, -2*b = -5*q - 772 + 21. Let x = q + 165. Calculate the remainder when x is divided by 12.
4
What is the remainder when 860 is divided by 55560/1110 - (-4)/(-74)?
10
Suppose -2588 = -120*c + 3216 - 1364. Calculate the remainder when 1921 is divided by c.
34
Suppose 12*f = 10556 - 8384. Calculate the remainder when f is divided by 5.
1
Suppose -1 = 2*t - t. Let w = 0 - t. Let c = -4607 - -4608. Calculate the remainder when c is divided by w.
0
Suppose -23*o + 12*o = -33. Suppose 69 = o*n - 9. Let p(a) = 3*a**2 - a - 1. Calculate the remainder when p(6) is divided by n.
23
Suppose -3*w + w = -4, -2*v - w = 20. Let a(x) = 2*x**2 + 22*x + 10. Suppose -77 = -5*s - 2*c, -4*c - c = 20. Calculate the remainder when s is divided by a(v).
7
Let n(s) = 4697*s**2 + 15*s + 15. Calculate the remainder when n(-1) is divided by 94.
91
Let p = 12747 - 11665. What is the remainder when p is divided by 138?
116
Suppose 0 = -x - 20 + 24. Suppose 3*s - 5 + 2 = 2*f, 0 = -x*f. Calculate the remainder when 32 - (-3)/(0 + s) is divided by 19.
16
Suppose 300*m = -226*m + 102*m + 71656. Let k = 107 - 72. Calculate the remainder when m is divided by k.
29
Let z(o) = 44*o + 3. Let p(w) = -w**3 - 4*w**2 - 4*w - 3. Let q be p(-3). Suppose s - 2 = -q*s. Calculate the remainder when z(s) is divided by 23.
22
Let n(z) = 113*z**2 + 384*z - 778. What is the remainder when n(2) is divided by 2?
0
Calculate the remainder when ((-8)/(-10) - (-171)/(-95))/(1/(-1889)) is divided by 233.
25
Let y = 17194 + -17088. What is the remainder when 5615 is divided by y?
103
Suppose 137*m = 4*m + 155344. What is the remainder when m is divided by 20?
8
Let c be 1 - (-52)/(-2 + -2). Let z = 794 + -764. Calculate the remainder when z is divided by (-206)/c + 2/(-12).
13
Let f = 26 + -23. Suppose w - 432 = -f*w. What is the remainder when w is divided by ((-1140)/(-50) - 13) + (-6)/(-5)?
9
Suppose n - 22 = 5. What is the remainder when n is divided by 48184/6974 - (-10)/(-11)?
3
Let s(y) = y**3 + 3*y**2 - 6. Let p be s(-3). Let h = p - -8. Suppose 5*f - 65 = 5*w, h*f + 5*w = -f + 39. Calculate the remainder when 49 is divided by f.
10
Let w(y) = -y**2 + 28*y - 34. Let g be w(10). Calculate the remainder when g + (-5)/15*0 is divided by 37.
35
Let a = 160 - 282. Let w = a + 130. What is the remainder when w is divided by 6?
2
Let x be (-4 + 6)/10*5. Calculate the remainder when 901 is divided by -9 + 8 + x + 41.
40
Suppose -200*m + 151*m + 12152 = 0. Suppose -h = -3*i - 8 - 30, -3*h + 2*i + 142 = 0. What is the remainder when m is divided by h?
48
Let y = -893 - -977. Calculate the remainder when 834 is divided by y.
78
Let z(o) be the third derivative of 5*o**4/24 - 23*o**3/6 + 17*o**2 + 3*o. Suppose -3*l - 16 = -5*l. Calculate the remainder when 50 is divided by z(l).
16
Suppose 4*v - t + 151 = 5*v, 4*v - 584 = t. What is the remainder when v is divided by 14?
7
Let l be (1 - 1)*(-8)/24. Suppose -4*v = -4*h + 16, -4*v = 3*h - l + 2. Calculate the remainder when 64 is divided by h/(-4 + (-140)/(-34)).
13
Suppose 28*d - 24*d - 320 = 0. Let u be (0 + d)/4 - 2. Suppose f + 4*p - 47 = u, -2*f + 4*p = -94. Calculate the remainder when f is divided by 14.
11
Suppose 97 - 37 = 2*c. Suppose -c*q + 450 = 15*q. What is the remainder when 327 is divided by q?
7
Let t(l) = 2*l**3 - 44*l**2 + 184*l + 37. What is the remainder when t(20) is divided by 53?
50
Let v be (2 - 4)/(0 - (-2)/(-4)). Suppose -d = -v*k - 17, 1 = -0*d - d - 5*k. Suppose 2*y = d*y - 98. What is the remainder when 41 is divided by y?
13
Suppose 28*s - 1238 = -174. Suppose s*y + 160 = 730. Calculate the remainder when 117 is divided by y.
12
Suppose -4*g - l + 498 = 0, -3*g - 1183*l + 384 = -1184*l. Calculate the remainder when g is divided by 112.
14
Suppose 32571 = -65*s + 136636. Calculate the remainder when s is divided by 146.
141
Let v be (2 + (-51)/(-6))*6. Let p = -47 + v. What is the remainder when 73 is divided by (-4*(-4)/p)/2*74?
36
Let i(s) = s**2 + 5*s + 9. Let c be i(-3). Calculate the remainder when 119 is divided by 15/(-6)*(-7 + (-3)/c).
19
What is the remainder when 3443 is divided by ((-13)/4)/(8/(-32))?
11
Let y = -393 - -408. Suppose -3*k = s - 60, s - 6*k + k - 44 = 0. What is the remainder when s is divided by y?
9
Suppose 25*w = 565 - 165. Calculate the remainder when 229 is divided by w.
5
Suppose a + 3*d = 5*a - 35, -2*a + 18 = -2*d. Let h = a - -1. Suppose 1 = k - 1, -123 = -3*o + 3*k. Calculate the remainder when o is divided by h.
7
Suppose u - 7 = -3*z, -4*u + 45 = u + 5*z. Suppose -5*t + 1385 = 2*k + 3*k, 2*k = u. What is the remainder when t is divided by 21?
20
Suppose -z = -0*w + w - 61, 0 = 3*z - 4*w - 197. Suppose 0 = 4*b - 5*i - 42, -i + 28 + 10 = 5*b. What is the remainder when z is divided by b?
7
Let j = 308 + -294. Suppose -j*x + 235 = -9*x. What is the remainder when x is divided by 13?
8
Suppose -2*p + p = -2*q + 226, -4*q = -p - 226. 